120 + 93. Let u(j) = j**3 + 26*j**2 - 27*j + 39. What is the units digit of u(i)?
9
Let x = -23049 - -62100. What is the units digit of x?
1
Suppose -20*a + 8*a = 10284. Let c = a + 1582. What is the units digit of c?
5
Let h(d) = -397*d - 1902. What is the ten thousands digit of h(-35)?
1
Let v be (-4 - 182/(-21))*(-108)/(-7). What is the hundreds digit of 13488/v*(-6)/(-4)?
2
Suppose 13*c + 31*c - 663999 = -5*c. What is the hundreds digit of c?
5
Suppose 815*q = 787*q + 469532. What is the tens digit of q?
6
Let p(t) = -31940*t - 5166. What is the hundreds digit of p(-2)?
7
Let t = 44144 + -24273. What is the tens digit of t?
7
What is the thousands digit of 44 + -50 - (-5 + 63628/(-1))?
3
Let t = 8594 + 7559. What is the ten thousands digit of t?
1
Let n(i) = 23 - 20*i**2 - 1 + 19*i**2 + 9 + 10*i. Let s be n(12). Suppose -s*c = -11*c + 548. What is the tens digit of c?
3
Let r(h) = -2052*h - 4973. What is the thousands digit of r(-3)?
1
Let b = -416 + 376. Let d = 497 - b. What is the tens digit of d?
3
Let w(t) = 797*t + 136. What is the ten thousands digit of w(18)?
1
Let f be (-1 - (-1172)/16) + (-1)/4. What is the tens digit of ((2 - 25)/(-1))/(9/f)?
8
Let r = -43 + 39. Let b be (-1)/(r + (-26)/(-6)). Let d = b + 14. What is the tens digit of d?
1
Let c(p) = 20*p**2 - 8*p - 9*p**2 - 4 + 10. Let r be c(3). Suppose -2*g + 79 = g - s, -3*s - r = -3*g. What is the units digit of g?
6
Suppose m = -2*j + 1168, -1357 = 5*j + 2*m - 4276. Let c = j + -342. What is the hundreds digit of c?
2
What is the ten thousands digit of 1 - (-11 - -11) - 6 - -44370?
4
What is the thousands digit of (-175)/(-140) + 114715/20?
5
Suppose 4*g - 3*g - 20 = -4*z, 2*g = 4*z - 8. Let n(i) be the second derivative of 35*i**3/3 - 9*i**2/2 - 4*i + 59. What is the tens digit of n(g)?
7
Suppose 3*m + 30 = -26*t + 28*t, 0 = -3*t - 3*m + 15. What is the tens digit of 14/(-147) + t/((-378)/(-14536))?
4
Let l be -2 + (-6 - -3)/(-3) + 1. Suppose -2*a = -3*o + 1816, l = -2*o + 5*a + 1414 - 185. Suppose -2*f = 5*f - o. What is the tens digit of f?
8
Suppose q + 2*h = 37, 3*q + 2*h = 12 + 95. Suppose -204 = -33*z + q*z. Let a = z + 178. What is the units digit of a?
6
Suppose -29*t = -37*t - 24. Suppose -x + 310 = -f - 267, 5*x = 2*f + 1157. What is the tens digit of (1/t)/(16/f)?
1
Let d be ((-52)/8)/(6 - (-266)/(-44)). What is the hundreds digit of 26/d + (-28935)/(-33)?
8
Let k be (-4)/8*4 - (-1 - 4). Suppose -3*s + k - 144 = 0. Let w = 124 + s. What is the tens digit of w?
7
Suppose 3*u = -6, 3*r + 4*u = 52252 - 22050. What is the ten thousands digit of r?
1
Suppose 0 = -4*s + 5*l + 6007, -813 = 2*s - 2*l - 3819. What is the thousands digit of s?
1
Let z(n) = -n**3 + 8*n**2 + 8*n + 11. Let x be z(9). Let t(s) = 2*s - 9 + 8*s**x + s**2 - 7*s**2. What is the tens digit of t(-8)?
0
What is the hundreds digit of 6/(-20) - 12899644/(-2680)?
8
Suppose -1207776 - 318366 - 513246 = -78*g. What is the hundreds digit of g?
1
Let w = -2058 + 5569. What is the tens digit of w?
1
Let l = -37 + 40. Suppose 0 = o - 3*m - 9, l*m + 8 = -m. Let p = 7 + o. What is the tens digit of p?
1
Let m(r) = 3*r**3 - 8*r**2 - r. Let z be m(3). What is the hundreds digit of (436/(-3))/(z/(-9))?
2
Let t be (-1 - 0)/(11/55). Let o be 0 - (209 + 20/t). Let p = o - -334. What is the tens digit of p?
2
Suppose -29 = -4*n - 21. Suppose n*u - 6*u = -12. Suppose u*s - 203 = -59. What is the units digit of s?
8
Let p(l) = 3*l**3 - 2*l**2 + 8*l + 17. Let b(h) = -5*h**3 + 3*h**2 - 17*h - 33. Let q(u) = -4*b(u) - 7*p(u). What is the hundreds digit of q(-6)?
2
Let z be (498/((-9)/(-3)))/(-2) + 1. Let j = z - -65. Let n = j + 54. What is the tens digit of n?
3
Let t(c) = -80 + 45 + 37 + c. Let h be t(2). What is the tens digit of h/((-4)/(-3)) - -36?
3
Let n = -1374 - -2237. Let c = -414 + n. What is the tens digit of c?
4
Suppose 34 + 156 = 38*m. Suppose m*r + 4*u - 2840 = 3*r, 4 = -2*u. What is the tens digit of r?
2
Let w(q) = -q**2 + q - 1. Let t be w(1). Let u be t/(-4) - 91/28. What is the tens digit of ((-8)/u)/(2/18)?
2
What is the hundreds digit of 7 + -5 + 8115 + -15?
1
Suppose -i - 4*k + 86 = 0, -5*i = -0*i + k - 354. Let c be 2/(-7) + 20/i. Suppose -3*h + 56 + 25 = c. What is the tens digit of h?
2
Let g(h) = -h**3 + 19*h**2 - 18*h + 12. Let y be g(18). Let i = y + -10. Suppose -2*q = i*d - 7*d - 170, 4*d + 8 = 0. What is the units digit of q?
0
Let r = 318 - 323. Let c(n) be the first derivative of 7*n**3/3 - 3*n**2/2 + 9*n - 17. What is the hundreds digit of c(r)?
1
Let b(u) = -u**3 + 19*u**2 - 31*u + 5. Suppose 0 = 10*p - 11*p + 13. What is the hundreds digit of b(p)?
6
Let g(f) = -10*f + 1. Let a be g(1). Let l be (122 + a)*2/2. Let t = l - 83. What is the tens digit of t?
3
Let u(p) = 5*p**2 - 33*p + 13. Let r(m) = -3*m - 32. Let n be r(-8). What is the hundreds digit of u(n)?
5
Suppose 42972 = 99*t - 1977717. What is the hundreds digit of t?
4
Let v = 6223 - 4357. What is the units digit of v?
6
Suppose -5*w - 1745 + 17045 = 0. Suppose 4*s - 5*j - 1754 = 730, 0 = -5*s - 5*j + w. What is the units digit of s?
6
Let g = -41 - -47. What is the hundreds digit of (-3 + g)/((-10)/(-880))?
2
Suppose -4*c - 1804 = -4*i, -3*i - 455 = 4*c - 3*c. Let m = 128 - c. Suppose 27*y - m = 22*y. What is the units digit of y?
6
Let j(d) = 5*d**3 - d**2 + 6*d. Let q be j(7). Suppose 0 = 4*w + 360 - q. What is the tens digit of w?
3
Let c(x) = 42*x - 591. Let h be c(14). Let y(f) be the third derivative of -5*f**4/3 + 11*f**3/6 + f**2. What is the units digit of y(h)?
1
Let c(b) = 202*b**2 - 11*b + 20. Let y be c(2). Suppose 2*k - y = 3*v, -616 - 1399 = -5*k - 4*v. What is the tens digit of k?
0
Let u = -18 + 2. Let d(h) = -7*h**2 - 27*h - 59. Let j(x) = 10*x**2 + 41*x + 89. Let m(w) = 7*d(w) + 5*j(w). What is the units digit of m(u)?
2
Suppose 4*s + 281 = 8*v - 7*v, -2*s - 118 = 4*v. What is the tens digit of (550/(-3))/(46/s)?
7
Suppose -l - 2*v - 456 = 3*l, -l - 3*v = 119. Let c be ((-170)/3)/((-3)/(-9)). Let f = l - c. What is the tens digit of f?
5
Let k(g) = g**3 - 6*g**2 - 8*g + 12. Let n be k(7). Suppose -6 + 4 = -2*i, n*x - 4*i - 21 = 0. What is the units digit of 228 - (x - (-1)/((-4)/8))?
5
Suppose 5*t + 88 = 4*j, 7*t - 2*t - 14 = -2*j. Let i(v) = v**3 + 21*v - 12*v**2 + 13*v - 10 - j*v. What is the units digit of i(11)?
6
Suppose -159*f = -49*f - 1494609 - 493971. What is the thousands digit of f?
8
Let i be 54/4*(-28)/(-21). Let j = i - -121. Suppose 2*y = -5*v + j, 4*v + 4*y = -y + 118. What is the units digit of v?
7
What is the tens digit of (-910161)/(-105) - ((-2)/6)/((-40)/24)?
6
Let v(t) = 215*t - 89. Let a be v(22). Suppose 0 = -19*z + 26*z - a. What is the hundreds digit of z?
6
Let b = -2264 - -1273. Let j = 1613 + b. What is the hundreds digit of j?
6
Let l(n) = n**3 + n**2 + 5. Let y be l(0). Suppose y*a - 32 = -17. Suppose a*s = -2*s + 1135. What is the hundreds digit of s?
2
Let n(y) = -3*y**2 + 373*y + 974. What is the thousands digit of n(113)?
4
Let l = 1 + 7. What is the units digit of 90*3 + (0 - l/(-4))?
2
Let d be (10/(-15))/(2/(-108)). Suppose 312 = 39*s - d*s. Let o = s + 11. What is the hundreds digit of o?
1
Let f(d) = -7*d**2 - 4 + 48*d**3 + 6 + 30*d**3 + 3*d + 1 + 3*d**2. What is the tens digit of f(2)?
1
Let l be (-4 + -4)/(4/(-46)). Let f = 285 - l. Let j = f + -12. What is the tens digit of j?
8
Let b = 5499 + -3192. What is the hundreds digit of b?
3
Let p = -2554 + 5531. What is the units digit of p?
7
Let b(s) = 21*s + 44. Let c be b(4). Suppose 16*j = 15*j + c. What is the tens digit of j?
2
Suppose -180*s - 1896119 = -5637779. What is the tens digit of s?
8
Suppose -1860 = -38*y + 35*y. What is the hundreds digit of y/(-12)*(-24)/2?
6
Suppose 180440 - 1288793 = -177*a + 2279604. What is the tens digit of a?
4
Suppose 2706 = 2*v + h, 4072 = 3*v - h - 4*h. Let t = -955 + v. What is the units digit of t?
9
Let n(k) = -k**3 - 7*k**2 - 11*k - 11. Let r be n(-6). What is the units digit of r*5/2*(-216)/(-15)?
4
Let y = 179 + -19. Suppose 0 = -i + 195 + y. What is the tens digit of i?
5
Suppose -3*v + 4*k + 77 = -0*v, 5*k = 5*v - 120. Suppose -4 = 3*o - v. Suppose -4*n + 572 = 5*s, o*s = 5*n - 583 - 132. What is the units digit of n?
3
Suppose 0 = 13*v - 10*v - 3174. Suppose -